at is the tens digit of d/((-1)/f)*2/2?
3
Let r(x) = 2250*x - 797. What is the units digit of r(10)?
3
Let w(z) = z**2 - 4*z - 10. Let q be w(5). What is the units digit of ((-5)/15)/(q/9420)?
8
Let h be (-387)/(-86)*(-4)/(-6). Suppose -2*s = -h*x - 1353, -789 = -2*s - 2*x + 579. What is the tens digit of s?
8
Suppose -58*f + 218768 + 31096 = 0. What is the thousands digit of f?
4
Suppose -38 = -4*f + 34. Suppose 2*u - 4*t = 24, 11 + f = 2*u - 5*t. Suppose 0*h + u*h = y + 18, h + 2*y = -1. What is the units digit of h?
7
Let c(x) = x**2 - 8*x - 13. Suppose y - 10 = i, 3*y = -3*i - 0*i + 18. Let p be c(y). What is the units digit of (p - -9)/(2/(-41))?
2
Suppose 9975 = 6*m - 22233. What is the units digit of m?
8
What is the units digit of -3*(2 + 308/(-3))*9/2?
9
Let w(d) = 2883*d + 3065. What is the units digit of w(8)?
9
Let u(l) = 5707*l - 1336. What is the thousands digit of u(2)?
0
Suppose 4*p = -2*p - 4230. Let v = p - -1282. Suppose 8*w + 89 = v. What is the units digit of w?
1
Let j(i) = -2*i**3 - 16*i**2 + 11*i + 8. Let o be j(-12). Let f = 1492 - o. What is the units digit of f?
4
Let j(v) = 418*v**2 + 89*v + 500. What is the units digit of j(-7)?
9
Let a = -40 - -121. Let v = -123 - -80. Let c = a + v. What is the tens digit of c?
3
Suppose -4*l + 2*l - 26 = -4*f, 4*l - 26 = -5*f. Suppose -3*q - 12 = f. What is the tens digit of 66/(-9)*q/4?
1
Let r(o) = 4*o**3 + 36*o**2 - 60*o - 28. What is the hundreds digit of r(11)?
9
Suppose -19449 = -36*q + 33*q - w, -2*q + 12962 = 2*w. What is the units digit of q?
4
Suppose 0 = 2*y + 7*y - 5076. What is the units digit of y?
4
Let s(u) be the second derivative of -7*u**5/20 - 9*u**4/4 - u**3/2 + u**2/2 - 19*u. What is the hundreds digit of s(-5)?
2
Let n(p) = -1910*p**3 + 5*p**2 - 5*p - 9. What is the hundreds digit of n(-1)?
9
Let b be ((-7800)/175)/(1/7*-1). Suppose -b = 3*y - 15*y. What is the tens digit of y?
2
Let r(y) = 387*y**3 - 2*y + 1. Let o be r(1). Let k(w) = 128*w + 2966. Let d be k(-22). Let c = o - d. What is the tens digit of c?
3
Suppose a + 5*q = 15555, 293*q - 296*q + 77863 = 5*a. What is the tens digit of a?
7
Let w = -3948 + 2514. Let b = w - -2497. What is the hundreds digit of b?
0
Suppose 0 = -15*s - 8*s + 93260 + 180210. What is the tens digit of s?
9
Suppose -5*q - 2330 = -q + 2*c, -4*c - 600 = q. What is the units digit of (-2259)/(-7) + q/(-70) + -8?
3
Let j = 16683 + -11578. Let f = j + -3533. What is the tens digit of f?
7
Suppose 352 = 20*a - 28. Suppose 0 = -b, -21*b = 4*n - a*b - 1372. What is the units digit of n?
3
Let k(g) = -g**2 - 23*g + 84. Let m be k(-26). Suppose -5*t + 1901 = -4*i, -m*i - 5 = -11*i. What is the units digit of t?
1
Let u(k) = k**2 - 6*k + 11. Let c be u(4). Suppose -2*s - 5*b = 3*s - 150, 94 = c*s + 5*b. Suppose 176 = s*n - 24*n. What is the units digit of n?
4
Suppose -64*p - 26*p = 2111875 - 8196775. What is the units digit of p?
0
Let q(i) = -i**2 + 14*i - 12. Let n be q(9). Suppose -24 = -2*y + 38. Let j = n + y. What is the units digit of j?
4
Let o = 179 - 171. Suppose o*n - 11*n = 5*p - 554, -n + 5*p = -178. What is the hundreds digit of n?
1
What is the tens digit of (252/24 - 7)/(4/13304)?
4
Suppose -2*q + 12 = 4*q. Suppose i - 4*p - 427 = 327, -q*i + p = -1473. Let m = i - 481. What is the tens digit of m?
5
Let p(z) = 68*z**2 + 89*z - 885. What is the hundreds digit of p(11)?
3
Let c be 1 + 6 + -3 + 0. Suppose c*t = -2*t - 48. What is the tens digit of (-4 - t)/((-2)/(-12))?
2
Let s(p) = p**2 + 11*p - 7. Let i be s(-12). Suppose -2*u + i*u - 18 = 0. What is the tens digit of (74/u)/((-42)/(-18) - 2)?
3
Suppose 14*c = -4 + 32. What is the hundreds digit of c/(-11) - 46/(-11) - -373?
3
Suppose -90*v + 2277324 = 12*v + 519966. What is the tens digit of v?
2
Let t = -157 + 148. What is the tens digit of t/((-6)/(-96)*-2)?
7
Let w = 5380 + 3607. What is the thousands digit of w?
8
Suppose y = -3*m + 111333, -3*y + 27847 = 2*m - 46368. What is the units digit of m?
2
Suppose 5*s - 29799 - 8198 = 2*z, 5*z = -5*s + 37955. What is the hundreds digit of s?
5
Let w = 20334 - 11744. What is the hundreds digit of w?
5
Let s = 37 - 41. Let g = s - 284. Let t = g + 492. What is the tens digit of t?
0
Let j(x) = 3*x - 7. Let n be j(-15). Let z = n - -55. Suppose 0 = 6*d - z*d - 459. What is the tens digit of d?
5
Let a = 245 + -250. Let x(y) = -3*y**3 - y**2 + 9*y + 14. What is the units digit of x(a)?
9
Let u(y) = -3*y + 28. Let j = 16 - 13. Suppose 34 = -j*r - 2. What is the units digit of u(r)?
4
Let p be (-1351)/11 + -1 + 9/11. Let h = p - -218. Let d = h + -43. What is the tens digit of d?
5
Suppose -11*g - 38021 = -333041. What is the thousands digit of g?
6
Suppose 4*z - 9 = z. Suppose 0 = -j - c - 3, -5*j + 20 = 2*c - 4*c. Suppose 0 = 4*o + j*p - 66, 27 = 5*o - 2*o - z*p. What is the tens digit of o?
1
Suppose 249*d = 160*d + 1141158. What is the ten thousands digit of d?
1
Let q(o) = -o**3 - 28*o**2 - 322*o + 32. What is the units digit of q(-30)?
2
Suppose -108*i - 522600 = -168*i. What is the thousands digit of i?
8
Suppose 502 - 518 = -4*s. What is the tens digit of 3 - (1 - (137 - s/4))?
3
What is the hundreds digit of (-270)/120 + (-36458)/(-8)?
5
Let i(f) = -3*f**2 + 25*f + 2 - 4 + f**2. Let g be (1110/18)/5 + 8/(-6). What is the units digit of i(g)?
1
Suppose 25*c + 137 = 87. Let p(t) = 2*t**2 - t + 1. Let h be p(-8). What is the units digit of ((-24)/(-54))/c - h/(-9)?
5
Let d(q) = 3240*q**3 - 8*q**2 - 14*q + 60. What is the thousands digit of d(2)?
5
Let n(i) be the third derivative of i**6/120 - 7*i**5/60 - i**4/24 + 11*i**3/3 + 278*i**2. What is the units digit of n(8)?
8
Suppose 490 - 1 = -3*b. Let t = b - -222. What is the tens digit of t?
5
Suppose -180*p + 2*w = -179*p - 99, 5*w = 3*p - 300. Suppose p*c + 18333 = 126*c. What is the tens digit of c?
7
Let k(v) = v**3 - 2*v**2 - 2*v + 3. Let c be k(3). Let l be 1189/1 + c/(-8)*-4. Suppose 0 = -5*w - 332 + l. What is the hundreds digit of w?
1
What is the thousands digit of (-9 + -6 - -9269)*10/7?
3
Let n = -8359 - -14909. What is the hundreds digit of n?
5
Let u(l) = 213*l + 2. Let c = -476 - -479. What is the tens digit of u(c)?
4
Let m(z) = -z**3 + 42*z**2 + 12*z + 757. What is the hundreds digit of m(30)?
9
Let o be 12 - -1 - (170/(-10) + 22). Suppose o*c + 2*k - 3830 = 4*c, -4*k = 2*c - 1924. What is the hundreds digit of c?
9
Suppose 4*m - 25120 = -3*u, -5*u - 6303 = -13*m + 12*m. What is the hundreds digit of m?
2
Let o = -2837 + 6731. What is the thousands digit of o?
3
Let g = -13 - -4. Let b(j) = 29*j + 10*j**2 - 9*j - 16*j + j**3 - 4. What is the tens digit of b(g)?
4
Suppose -3*y + 2*f = -152, -8*f + 13*f = -4*y + 218. Suppose 0 = -y*m + 54*m - 250. Let j = m + -51. What is the tens digit of j?
7
Let j(h) be the second derivative of 152*h**3/3 - 141*h**2/2 + 232*h. What is the thousands digit of j(5)?
1
Let z = 34 + -34. Suppose 3*g = -2*t + 366, z = -2*t + 4*g - 6*g + 366. What is the units digit of t?
3
Let z(h) = -30*h. Let g be z(0). Suppose -5*x + 9095 = -5*v, 4*x - 26*v + 31*v - 7285 = g. What is the thousands digit of x?
1
Let n = -256 - -263. Let h = n + 54. What is the tens digit of h?
6
Let d(b) = b**2 - 4*b - 2. Let r be d(5). Suppose 0 = 5*j - 5, 4*i - r*j + 7 = -0*i. Let p(c) = 73*c**2 + c + 2. What is the units digit of p(i)?
4
Let p = -587 - -568. Let u = p + 668. What is the tens digit of u?
4
Let o = 3549 - 838. What is the tens digit of 48/(-216) - o/(-9)?
0
Suppose -6*a - 2*w = -2*a - 67114, 5*a + w = 83897. What is the tens digit of a?
8
Let c(w) = 2*w**3 + 129*w**2 - 134*w - 208. What is the tens digit of c(-62)?
2
Let d be ((-1995)/6)/(1/2). What is the tens digit of (-60)/(5*14/d)?
7
Suppose -u = 4 - 8. What is the tens digit of 692/u*(-2)/(3 + -5)?
7
Suppose 25 = -10*z - 355. Let q = 40 + z. Suppose -q*r = 3*a - 6*r - 132, 2*a = -r + 77. What is the tens digit of a?
4
Suppose 6*x - 268 - 290 = 0. Let a(j) = x*j - 97 + 184 - 91. What is the tens digit of a(1)?
8
Let k(z) = z**3 + 14*z**2 + 6*z - 4. Let a be (-7)/3 - 5/((-45)/(-6)). What is the units digit of k(a)?
7
Let n be ((-1)/2)/((-17)/68). What is the tens digit of n + 2 + 4 + 9?
1
Let t(q) = -47*q + 73. Let r be t(-16). Suppose -1040 = -4*f - 4*s, -5*f + 468 + r = -2*s. Wh